der when (-36)/g - (-514)/7 is divided by 26.
22
What is the remainder when 87 is divided by 12 + 1 + (-1 - -3)?
12
Let v(d) = 8*d + 0*d + 2*d + 5 - d**2. Suppose 2 = -o + 8. Calculate the remainder when v(o) is divided by 10.
9
Suppose 3*q = 4*x + 29, 4*x = -5*q - 4 - 1. Suppose 2*w = -q*w. Calculate the remainder when 28 is divided by -6*(w + 5/(-3)).
8
Let j = 58 + -56. Suppose 6*v - 120 = -j*v. What is the remainder when 162 is divided by v?
12
Suppose -5*f - 375 = -5*y, 4*f + 3 + 9 = 0. Suppose -4*a + 7*a - y = 0. What is the remainder when 47 is divided by a?
23
Let j(b) = b**2 - 2*b. Let z be j(3). Suppose -4*p + 17 = -207. Suppose z*i + 4*x = 6*x + p, i + 3*x = 26. Calculate the remainder when i is divided by 11.
9
Let v = 2 + 6. Let d = 19 + -39. Let t = d - -49. Calculate the remainder when t is divided by v.
5
Let h(d) = -d + 329. Calculate the remainder when h(-9) is divided by 89.
71
Let d be 16/(-6)*21/14. Suppose -l = -9 - 3. Calculate the remainder when d/(-22) + (-2976)/(-88) is divided by l.
10
Let h(y) = y**3 - 24*y**2 + 2*y - 45. Let f be h(24). Suppose 0 = -3*b - f*l + 66, 3*b - 3*l = -0*b + 72. Calculate the remainder when 136 is divided by b.
21
Let q = -2442 + 2696. What is the remainder when q is divided by 67?
53
Let n be (-7)/(3 + 4*-1). Suppose 8*q - 105 = n*q. Let c = -49 + q. What is the remainder when c is divided by 19?
18
Let s = 190 - -89. Suppose -3*c = 4*a - s, 2*a = 5*a - 5*c - 173. Suppose 0 = 5*n + 3*p - a, 7 + 35 = 3*n + p. What is the remainder when 72 is divided by n?
12
Let p(b) = 3*b**2 - 16*b + 5*b**2 - 56 - 7*b**2 + 9. What is the remainder when 19 is divided by p(19)?
9
Let x = 406 - 398. Calculate the remainder when 125 is divided by x.
5
Let z = 210 + -133. What is the remainder when z is divided by (-8)/(((-4)/10)/(98/70))?
21
Let c(t) = 3*t**2 - 5*t + 3. Suppose 3*i + 1 = -2*l, 3*i + l - 1 = -0*l. Calculate the remainder when c(2) is divided by (-3 + 6)/(1/i).
2
Suppose -5*n + 23 = -77. Let j(r) = 8*r**2 + 3*r - 3. Let z = 13 - 10. Calculate the remainder when j(z) is divided by n.
18
Suppose 0 = 5*q + 40 + 40. Let m = 32 + q. Calculate the remainder when 28 is divided by m.
12
Let p(z) = -z**3 + 14*z**2 + 13. Let f be p(14). Suppose -f - 17 = -2*b. Suppose 3*g - 2*g = 29. What is the remainder when g is divided by b?
14
Let x(m) be the second derivative of -m**5/20 + 7*m**4/12 - 7*m**3/6 + 9*m**2/2 - 23*m. Calculate the remainder when 8 is divided by x(6).
2
Let x = 25 - 23. Suppose 3*s + x*s + 5*d = 100, -92 = -5*s - d. Calculate the remainder when 29 is divided by 141/s - 6/(-36).
5
Let b be 20/30 + 103/3. Suppose 12*o = 7*o + b. What is the remainder when o is divided by 1?
0
Let o(n) = -23*n**3 + n**2 + n - 4. Let z be o(2). Calculate the remainder when (3*1)/((-6)/z) is divided by 23.
22
Suppose 33 = 4*d - 27. Let t = d + -9. Let y(s) = s - 1. Calculate the remainder when y(t) is divided by 1.
0
Let v(f) = f**3 + 6*f**2 - 6*f + 9. Let g be v(-8). Let m = g + 123. What is the remainder when m is divided by 11?
8
Suppose 65 = 5*x - 3*q, -2 - 8 = -2*q. Suppose -15*i = -x*i + 55. Calculate the remainder when i is divided by 14.
13
Let y = 812 + -655. What is the remainder when 318 is divided by y?
4
Suppose 3*w - 144 + 60 = 0. What is the remainder when w is divided by 11?
6
Let u be (-10 + 9)*((0 - -1) + -1). Suppose -8*l + 176 = -u. What is the remainder when 43 is divided by l?
21
Let p(t) = t + 15. Let v be p(-14). Calculate the remainder when 27 is divided by 9/9 + (7 - v).
6
Let b be 48/(-26) - 8/52. Suppose -3*a = -5*x - 5*a + 40, -3*x - 2*a = -24. Calculate the remainder when 5 + 6/b + 13 is divided by x.
7
Let v(w) = 5*w + 4. Let h(j) = 20*j + 14. Let o(l) = 2*h(l) - 9*v(l). Calculate the remainder when o(-5) is divided by 8.
1
Suppose 176 = 4*h - 3*a, 169 + 7 = 4*h + 2*a. Calculate the remainder when 393 is divided by h.
41
Suppose 6 = -2*t - 6. Let b be 3 - (-3)/9*t. Suppose -2*y - 6 = 5*v - b, 0 = -2*v + y + 7. Calculate the remainder when 3 is divided by v.
0
Let u(q) = -10*q - 7*q**3 - 7*q**2 - 2*q**3 + 8 + 10*q**3. Let r be u(8). Let p = r - -18. Calculate the remainder when p is divided by 3.
1
Suppose 8*i - 3*i + 85 = 0. Let j = i + 22. Calculate the remainder when j is divided by 4.
1
Let x be (-1*3/(-6))/(2/12). Suppose -x*i + 12 + 12 = 3*d, -d + 8 = 2*i. Calculate the remainder when 54 is divided by d.
6
Suppose -65 = -7*r - 6*r. Suppose 49 - 129 = -r*o. What is the remainder when 43 is divided by o?
11
Suppose 0 = -2*j - 108 - 52. Let n = 141 + j. What is the remainder when n is divided by 13?
9
Let n(y) = 0 + 7 + 2*y + 30. Calculate the remainder when 6 is divided by n(-17).
0
What is the remainder when (477/3)/3*(2 + -1) is divided by 22?
9
Let r(q) = 15*q - 88. Calculate the remainder when 540 is divided by r(8).
28
Let c = -24 + 48. Suppose -10*l + 7*l = -c. What is the remainder when 14 is divided by l?
6
Let z = 80 - 75. Suppose 2*u + 198 = z*u. What is the remainder when u is divided by 18?
12
Suppose 5*k - 350 = -5*q, 2*q - 6*k = -k + 112. What is the remainder when q is divided by 4?
2
Let n = -13 + 15. Suppose n*p - 34 = 4*t, -p + 4*t + 23 = -0*t. Let c(a) = 32*a**2. Calculate the remainder when c(-1) is divided by p.
10
Let u = -642 - -913. Calculate the remainder when u is divided by 17.
16
What is the remainder when 51 is divided by (7 + -1)/(2 + 3/(-6))?
3
Let i(z) = z**3 - 21*z**2 - 19*z - 31. Let q be i(22). Calculate the remainder when (3 + (-147)/q)/((-3)/190) is divided by 16.
12
Suppose -2*j + 4*j = 2, 5*r = 5*j - 50. Let x be (-731)/r + 8/(-36). Let f = 150 - x. Calculate the remainder when f is divided by 18.
15
Suppose -8*n - 5*q + 76 = 0, 12*q - 39 = -5*n + 11*q. Suppose -p + 5*p = 100. Calculate the remainder when p is divided by n.
4
Let c(k) = k**3 - 6*k**2 - 4*k. Suppose 0 = -2*i - 0*i + 24. What is the remainder when c(7) is divided by i?
9
Suppose 22*n = 21*n + 26. Suppose -6*t + 3*t = -18. Suppose 4*z - t*z + 14 = 0. What is the remainder when n is divided by z?
5
Let c(o) be the second derivative of o**3/6 + 43*o**2/2 - 9*o. What is the remainder when c(-15) is divided by 2/((-13)/(-4) + -3)?
4
Suppose -143*c + 5*a = -146*c + 106, 2*a = -3*c + 118. Let t = -14 - -25. What is the remainder when c is divided by t?
9
What is the remainder when 24/10*(10 - (-2860)/33) is divided by 48?
40
Let s be -1 + 0 + 1 + 4. Suppose -s*z = -788 + 96. What is the remainder when z is divided by 22?
19
Let r = -437 - -587. Calculate the remainder when r is divided by 2.
0
Suppose 11 = -h + 28. What is the remainder when 47 is divided by h?
13
Suppose u = -2*u + 4*s + 62, -s + 23 = u. Suppose 5*d = -5*a + 25, -2*d + 3*d + 2*a - 2 = 0. What is the remainder when u is divided by d?
6
Let h(c) = 3*c + 1. Suppose 0 = g + z - 2*z - 26, 3*g + 3*z = 84. What is the remainder when g is divided by h(2)?
6
Suppose -9*m - 1794 = -2145. Calculate the remainder when m is divided by 30.
9
Let i(j) = -j**3 + 4*j**2 - 5. Let y be i(6). Let p = -42 - y. Calculate the remainder when p is divided by 22 + 0 - (0 + 3).
16
Let g(x) be the first derivative of 2*x**3/3 + 5*x**2/2 - 3*x + 1. Calculate the remainder when 1*((-20)/(-30) + ((-76)/(-3) - 3)) is divided by g(-4).
5
Suppose 66 = 43*u - 41*u. Suppose -8*r = -4*r - 40. Calculate the remainder when u is divided by r.
3
Let w(o) = -8*o + 27. What is the remainder when 95 is divided by w(0)?
14
Let w(m) = 15*m - 34. What is the remainder when w(4) is divided by 5?
1
Let n(v) = -v**2 - 16*v - 13. Suppose 16 = -2*a - 0. What is the remainder when n(a) is divided by 13?
12
Let d(a) = a**2 - 6*a + 8. Let h be d(6). Suppose h*g = 3*g + 30. Let z(w) = -w**3 - 5*w**2 - 5*w - 2. Calculate the remainder when z(-5) is divided by g.
5
Suppose 0 = o - 5*f + 9, -4*o + 39 = -3*f - 2*f. Suppose -j = j - o. Let g(x) = -3*x**2 - 42*x - 36. What is the remainder when j is divided by g(-13)?
2
Let m(d) = -44*d + 5. Let a be m(-1). Suppose 0 = 3*c + a - 154. Calculate the remainder when c is divided by 10.
5
Suppose 1 = 2*q - 3*k + 2*k, 3*q - 4*k = -11. What is the remainder when 3 + (6/(-8))/(q/(-96)) is divided by 100/4*4/10?
7
Suppose -4*s - 3*q = 876, 5*s - 4*q + 6*q + 1102 = 0. Let x = -156 - s. Suppose x + 2 = 4*p. What is the remainder